{"id":441,"date":"2015-05-13T13:20:22","date_gmt":"2015-05-13T12:20:22","guid":{"rendered":"http:\/\/allemagnejumelage.saintmedardasso.fr\/wp-content\/uploads\/2015\/05\/Comm\u00e9moration-des-70-ans-de-la-fin-de-la-deuxi\u00e8me-guerre-mondiale2.jpg"},"modified":"2015-05-13T13:20:22","modified_gmt":"2015-05-13T12:20:22","slug":"commemoration-des-70-ans-de-la-fin-de-la-deuxieme-guerre-mondiale2","status":"inherit","type":"attachment","link":"http:\/\/allemagnejumelage.saintmedardasso.fr\/?attachment_id=441","title":{"rendered":"Comm\u00e9moration des 70 ans de la fin de la deuxi\u00e8me guerre mondiale2"},"author":5,"featured_media":0,"comment_status":"closed","ping_status":"closed","template":"","meta":[],"class_list":["post-441","attachment","type-attachment","status-inherit","hentry"],"description":{"rendered":"<p class=\"attachment\"><a href='http:\/\/allemagnejumelage.saintmedardasso.fr\/wp-content\/uploads\/2015\/05\/Comm\u00e9moration-des-70-ans-de-la-fin-de-la-deuxi\u00e8me-guerre-mondiale2.jpg'><img loading=\"lazy\" decoding=\"async\" width=\"210\" height=\"300\" src=\"http:\/\/allemagnejumelage.saintmedardasso.fr\/wp-content\/uploads\/2015\/05\/Comm\u00e9moration-des-70-ans-de-la-fin-de-la-deuxi\u00e8me-guerre-mondiale2-210x300.jpg\" class=\"attachment-medium size-medium\" alt=\"\" srcset=\"http:\/\/allemagnejumelage.saintmedardasso.fr\/wp-content\/uploads\/2015\/05\/Comm\u00e9moration-des-70-ans-de-la-fin-de-la-deuxi\u00e8me-guerre-mondiale2-210x300.jpg 210w, http:\/\/allemagnejumelage.saintmedardasso.fr\/wp-content\/uploads\/2015\/05\/Comm\u00e9moration-des-70-ans-de-la-fin-de-la-deuxi\u00e8me-guerre-mondiale2-719x1024.jpg 719w, http:\/\/allemagnejumelage.saintmedardasso.fr\/wp-content\/uploads\/2015\/05\/Comm\u00e9moration-des-70-ans-de-la-fin-de-la-deuxi\u00e8me-guerre-mondiale2.jpg 976w\" sizes=\"auto, (max-width: 210px) 100vw, 210px\" \/><\/a><\/p>\n"},"caption":{"rendered":""},"alt_text":"","media_type":"image","mime_type":"image\/jpeg","media_details":{"width":976,"height":1390,"file":"2015\/05\/Comm\u00e9moration-des-70-ans-de-la-fin-de-la-deuxi\u00e8me-guerre-mondiale2.jpg","sizes":{"thumbnail":{"file":"Comm\u00e9moration-des-70-ans-de-la-fin-de-la-deuxi\u00e8me-guerre-mondiale2-150x150.jpg","width":150,"height":150,"mime_type":"image\/jpeg","source_url":"http:\/\/allemagnejumelage.saintmedardasso.fr\/wp-content\/uploads\/2015\/05\/Comm\u00e9moration-des-70-ans-de-la-fin-de-la-deuxi\u00e8me-guerre-mondiale2-150x150.jpg"},"medium":{"file":"Comm\u00e9moration-des-70-ans-de-la-fin-de-la-deuxi\u00e8me-guerre-mondiale2-210x300.jpg","width":210,"height":300,"mime_type":"image\/jpeg","source_url":"http:\/\/allemagnejumelage.saintmedardasso.fr\/wp-content\/uploads\/2015\/05\/Comm\u00e9moration-des-70-ans-de-la-fin-de-la-deuxi\u00e8me-guerre-mondiale2-210x300.jpg"},"large":{"file":"Comm\u00e9moration-des-70-ans-de-la-fin-de-la-deuxi\u00e8me-guerre-mondiale2-719x1024.jpg","width":719,"height":1024,"mime_type":"image\/jpeg","source_url":"http:\/\/allemagnejumelage.saintmedardasso.fr\/wp-content\/uploads\/2015\/05\/Comm\u00e9moration-des-70-ans-de-la-fin-de-la-deuxi\u00e8me-guerre-mondiale2-719x1024.jpg"},"post-thumbnail":{"file":"Comm\u00e9moration-des-70-ans-de-la-fin-de-la-deuxi\u00e8me-guerre-mondiale2-672x372.jpg","width":672,"height":372,"mime_type":"image\/jpeg","source_url":"http:\/\/allemagnejumelage.saintmedardasso.fr\/wp-content\/uploads\/2015\/05\/Comm\u00e9moration-des-70-ans-de-la-fin-de-la-deuxi\u00e8me-guerre-mondiale2-672x372.jpg"},"twentyfourteen-full-width":{"file":"Comm\u00e9moration-des-70-ans-de-la-fin-de-la-deuxi\u00e8me-guerre-mondiale2-976x576.jpg","width":976,"height":576,"mime_type":"image\/jpeg","source_url":"http:\/\/allemagnejumelage.saintmedardasso.fr\/wp-content\/uploads\/2015\/05\/Comm\u00e9moration-des-70-ans-de-la-fin-de-la-deuxi\u00e8me-guerre-mondiale2-976x576.jpg"},"full":{"file":"Comm\u00e9moration-des-70-ans-de-la-fin-de-la-deuxi\u00e8me-guerre-mondiale2.jpg","width":976,"height":1390,"mime_type":"image\/jpeg","source_url":"http:\/\/allemagnejumelage.saintmedardasso.fr\/wp-content\/uploads\/2015\/05\/Comm\u00e9moration-des-70-ans-de-la-fin-de-la-deuxi\u00e8me-guerre-mondiale2.jpg"}},"image_meta":{"aperture":0,"credit":"","camera":"","caption":"","created_timestamp":0,"copyright":"","focal_length":0,"iso":0,"shutter_speed":0,"title":"","orientation":0}},"post":null,"source_url":"http:\/\/allemagnejumelage.saintmedardasso.fr\/wp-content\/uploads\/2015\/05\/Comm\u00e9moration-des-70-ans-de-la-fin-de-la-deuxi\u00e8me-guerre-mondiale2.jpg","_links":{"self":[{"href":"http:\/\/allemagnejumelage.saintmedardasso.fr\/index.php?rest_route=\/wp\/v2\/media\/441","targetHints":{"allow":["GET"]}}],"collection":[{"href":"http:\/\/allemagnejumelage.saintmedardasso.fr\/index.php?rest_route=\/wp\/v2\/media"}],"about":[{"href":"http:\/\/allemagnejumelage.saintmedardasso.fr\/index.php?rest_route=\/wp\/v2\/types\/attachment"}],"author":[{"embeddable":true,"href":"http:\/\/allemagnejumelage.saintmedardasso.fr\/index.php?rest_route=\/wp\/v2\/users\/5"}],"replies":[{"embeddable":true,"href":"http:\/\/allemagnejumelage.saintmedardasso.fr\/index.php?rest_route=%2Fwp%2Fv2%2Fcomments&post=441"}]}}

http://allemagnejumelage.saintmedardasso.fr/wp-content/uploads/2015/05/Commémoration-des-70-ans-de-la-fin-de-la-deuxième-guerre-mondiale2.jpg

Commémoration des 70 ans de la fin de la deuxième guerre mondiale2

<p class="attachment"><a href='http://allemagnejumelage.saintmedardasso.fr/wp-content/uploads/2015/05/Commémoration-des-70-ans-de-la-fin-de-la-deuxième-guerre-mondiale2.jpg'><img loading="lazy" decoding="async" width="210" height="300" src="http://allemagnejumelage.saintmedardasso.fr/wp-content/uploads/2015/05/Commémoration-des-70-ans-de-la-fin-de-la-deuxième-guerre-mondiale2-210x300.jpg" class="attachment-medium size-medium" alt="" srcset="http://allemagnejumelage.saintmedardasso.fr/wp-content/uploads/2015/05/Commémoration-des-70-ans-de-la-fin-de-la-deuxième-guerre-mondiale2-210x300.jpg 210w, http://allemagnejumelage.saintmedardasso.fr/wp-content/uploads/2015/05/Commémoration-des-70-ans-de-la-fin-de-la-deuxième-guerre-mondiale2-719x1024.jpg 719w, http://allemagnejumelage.saintmedardasso.fr/wp-content/uploads/2015/05/Commémoration-des-70-ans-de-la-fin-de-la-deuxième-guerre-mondiale2.jpg 976w" sizes="auto, (max-width: 210px) 100vw, 210px" /></a></p>

2015/05/Commémoration-des-70-ans-de-la-fin-de-la-deuxième-guerre-mondiale2.jpg

Commémoration-des-70-ans-de-la-fin-de-la-deuxième-guerre-mondiale2-150x150.jpg

http://allemagnejumelage.saintmedardasso.fr/wp-content/uploads/2015/05/Commémoration-des-70-ans-de-la-fin-de-la-deuxième-guerre-mondiale2-150x150.jpg

Commémoration-des-70-ans-de-la-fin-de-la-deuxième-guerre-mondiale2-210x300.jpg

http://allemagnejumelage.saintmedardasso.fr/wp-content/uploads/2015/05/Commémoration-des-70-ans-de-la-fin-de-la-deuxième-guerre-mondiale2-210x300.jpg

Commémoration-des-70-ans-de-la-fin-de-la-deuxième-guerre-mondiale2-719x1024.jpg

http://allemagnejumelage.saintmedardasso.fr/wp-content/uploads/2015/05/Commémoration-des-70-ans-de-la-fin-de-la-deuxième-guerre-mondiale2-719x1024.jpg

Commémoration-des-70-ans-de-la-fin-de-la-deuxième-guerre-mondiale2-672x372.jpg

http://allemagnejumelage.saintmedardasso.fr/wp-content/uploads/2015/05/Commémoration-des-70-ans-de-la-fin-de-la-deuxième-guerre-mondiale2-672x372.jpg

Commémoration-des-70-ans-de-la-fin-de-la-deuxième-guerre-mondiale2-976x576.jpg

http://allemagnejumelage.saintmedardasso.fr/wp-content/uploads/2015/05/Commémoration-des-70-ans-de-la-fin-de-la-deuxième-guerre-mondiale2-976x576.jpg

Commémoration-des-70-ans-de-la-fin-de-la-deuxième-guerre-mondiale2.jpg
