{"id":439,"date":"2015-05-13T13:18:23","date_gmt":"2015-05-13T12:18:23","guid":{"rendered":"http:\/\/allemagnejumelage.saintmedardasso.fr\/wp-content\/uploads\/2015\/05\/Comm\u00e9moration-des-70-ans-de-la-fin-de-la-deuxi\u00e8me-guerre-mondiale1.jpg"},"modified":"2015-05-30T15:04:26","modified_gmt":"2015-05-30T14:04:26","slug":"commemoration-des-70-ans-de-la-fin-de-la-deuxieme-guerre-mondiale1","status":"inherit","type":"attachment","link":"http:\/\/allemagnejumelage.saintmedardasso.fr\/?attachment_id=439","title":{"rendered":"Comm\u00e9moration des 70 ans de la fin de la deuxi\u00e8me guerre mondiale1"},"author":5,"featured_media":0,"comment_status":"closed","ping_status":"closed","template":"","meta":[],"class_list":["post-439","attachment","type-attachment","status-inherit","hentry"],"description":{"rendered":"<p class=\"attachment\"><a href='http:\/\/allemagnejumelage.saintmedardasso.fr\/wp-content\/uploads\/2015\/05\/Comm\u00e9moration-des-70-ans-de-la-fin-de-la-deuxi\u00e8me-guerre-mondiale1.jpg'><img loading=\"lazy\" decoding=\"async\" width=\"209\" height=\"300\" src=\"http:\/\/allemagnejumelage.saintmedardasso.fr\/wp-content\/uploads\/2015\/05\/Comm\u00e9moration-des-70-ans-de-la-fin-de-la-deuxi\u00e8me-guerre-mondiale1-209x300.jpg\" class=\"attachment-medium size-medium\" alt=\"\" srcset=\"http:\/\/allemagnejumelage.saintmedardasso.fr\/wp-content\/uploads\/2015\/05\/Comm\u00e9moration-des-70-ans-de-la-fin-de-la-deuxi\u00e8me-guerre-mondiale1-209x300.jpg 209w, http:\/\/allemagnejumelage.saintmedardasso.fr\/wp-content\/uploads\/2015\/05\/Comm\u00e9moration-des-70-ans-de-la-fin-de-la-deuxi\u00e8me-guerre-mondiale1-713x1024.jpg 713w, http:\/\/allemagnejumelage.saintmedardasso.fr\/wp-content\/uploads\/2015\/05\/Comm\u00e9moration-des-70-ans-de-la-fin-de-la-deuxi\u00e8me-guerre-mondiale1.jpg 983w\" sizes=\"auto, (max-width: 209px) 100vw, 209px\" \/><\/a><\/p>\n"},"caption":{"rendered":""},"alt_text":"","media_type":"image","mime_type":"image\/jpeg","media_details":{"width":983,"height":1410,"file":"2015\/05\/Comm\u00e9moration-des-70-ans-de-la-fin-de-la-deuxi\u00e8me-guerre-mondiale1.jpg","sizes":{"thumbnail":{"file":"Comm\u00e9moration-des-70-ans-de-la-fin-de-la-deuxi\u00e8me-guerre-mondiale1-150x150.jpg","width":150,"height":150,"mime_type":"image\/jpeg","source_url":"http:\/\/allemagnejumelage.saintmedardasso.fr\/wp-content\/uploads\/2015\/05\/Comm\u00e9moration-des-70-ans-de-la-fin-de-la-deuxi\u00e8me-guerre-mondiale1-150x150.jpg"},"medium":{"file":"Comm\u00e9moration-des-70-ans-de-la-fin-de-la-deuxi\u00e8me-guerre-mondiale1-209x300.jpg","width":209,"height":300,"mime_type":"image\/jpeg","source_url":"http:\/\/allemagnejumelage.saintmedardasso.fr\/wp-content\/uploads\/2015\/05\/Comm\u00e9moration-des-70-ans-de-la-fin-de-la-deuxi\u00e8me-guerre-mondiale1-209x300.jpg"},"large":{"file":"Comm\u00e9moration-des-70-ans-de-la-fin-de-la-deuxi\u00e8me-guerre-mondiale1-713x1024.jpg","width":713,"height":1024,"mime_type":"image\/jpeg","source_url":"http:\/\/allemagnejumelage.saintmedardasso.fr\/wp-content\/uploads\/2015\/05\/Comm\u00e9moration-des-70-ans-de-la-fin-de-la-deuxi\u00e8me-guerre-mondiale1-713x1024.jpg"},"post-thumbnail":{"file":"Comm\u00e9moration-des-70-ans-de-la-fin-de-la-deuxi\u00e8me-guerre-mondiale1-672x372.jpg","width":672,"height":372,"mime_type":"image\/jpeg","source_url":"http:\/\/allemagnejumelage.saintmedardasso.fr\/wp-content\/uploads\/2015\/05\/Comm\u00e9moration-des-70-ans-de-la-fin-de-la-deuxi\u00e8me-guerre-mondiale1-672x372.jpg"},"twentyfourteen-full-width":{"file":"Comm\u00e9moration-des-70-ans-de-la-fin-de-la-deuxi\u00e8me-guerre-mondiale1-983x576.jpg","width":983,"height":576,"mime_type":"image\/jpeg","source_url":"http:\/\/allemagnejumelage.saintmedardasso.fr\/wp-content\/uploads\/2015\/05\/Comm\u00e9moration-des-70-ans-de-la-fin-de-la-deuxi\u00e8me-guerre-mondiale1-983x576.jpg"},"full":{"file":"Comm\u00e9moration-des-70-ans-de-la-fin-de-la-deuxi\u00e8me-guerre-mondiale1.jpg","width":983,"height":1410,"mime_type":"image\/jpeg","source_url":"http:\/\/allemagnejumelage.saintmedardasso.fr\/wp-content\/uploads\/2015\/05\/Comm\u00e9moration-des-70-ans-de-la-fin-de-la-deuxi\u00e8me-guerre-mondiale1.jpg"}},"image_meta":{"aperture":0,"credit":"","camera":"","caption":"","created_timestamp":0,"copyright":"","focal_length":0,"iso":0,"shutter_speed":0,"title":"","orientation":0}},"post":null,"source_url":"http:\/\/allemagnejumelage.saintmedardasso.fr\/wp-content\/uploads\/2015\/05\/Comm\u00e9moration-des-70-ans-de-la-fin-de-la-deuxi\u00e8me-guerre-mondiale1.jpg","_links":{"self":[{"href":"http:\/\/allemagnejumelage.saintmedardasso.fr\/index.php?rest_route=\/wp\/v2\/media\/439","targetHints":{"allow":["GET"]}}],"collection":[{"href":"http:\/\/allemagnejumelage.saintmedardasso.fr\/index.php?rest_route=\/wp\/v2\/media"}],"about":[{"href":"http:\/\/allemagnejumelage.saintmedardasso.fr\/index.php?rest_route=\/wp\/v2\/types\/attachment"}],"author":[{"embeddable":true,"href":"http:\/\/allemagnejumelage.saintmedardasso.fr\/index.php?rest_route=\/wp\/v2\/users\/5"}],"replies":[{"embeddable":true,"href":"http:\/\/allemagnejumelage.saintmedardasso.fr\/index.php?rest_route=%2Fwp%2Fv2%2Fcomments&post=439"}]}}

http://allemagnejumelage.saintmedardasso.fr/wp-content/uploads/2015/05/Commémoration-des-70-ans-de-la-fin-de-la-deuxième-guerre-mondiale1.jpg

Commémoration des 70 ans de la fin de la deuxième guerre mondiale1

<p class="attachment"><a href='http://allemagnejumelage.saintmedardasso.fr/wp-content/uploads/2015/05/Commémoration-des-70-ans-de-la-fin-de-la-deuxième-guerre-mondiale1.jpg'><img loading="lazy" decoding="async" width="209" height="300" src="http://allemagnejumelage.saintmedardasso.fr/wp-content/uploads/2015/05/Commémoration-des-70-ans-de-la-fin-de-la-deuxième-guerre-mondiale1-209x300.jpg" class="attachment-medium size-medium" alt="" srcset="http://allemagnejumelage.saintmedardasso.fr/wp-content/uploads/2015/05/Commémoration-des-70-ans-de-la-fin-de-la-deuxième-guerre-mondiale1-209x300.jpg 209w, http://allemagnejumelage.saintmedardasso.fr/wp-content/uploads/2015/05/Commémoration-des-70-ans-de-la-fin-de-la-deuxième-guerre-mondiale1-713x1024.jpg 713w, http://allemagnejumelage.saintmedardasso.fr/wp-content/uploads/2015/05/Commémoration-des-70-ans-de-la-fin-de-la-deuxième-guerre-mondiale1.jpg 983w" sizes="auto, (max-width: 209px) 100vw, 209px" /></a></p>

2015/05/Commémoration-des-70-ans-de-la-fin-de-la-deuxième-guerre-mondiale1.jpg

Commémoration-des-70-ans-de-la-fin-de-la-deuxième-guerre-mondiale1-150x150.jpg

http://allemagnejumelage.saintmedardasso.fr/wp-content/uploads/2015/05/Commémoration-des-70-ans-de-la-fin-de-la-deuxième-guerre-mondiale1-150x150.jpg

Commémoration-des-70-ans-de-la-fin-de-la-deuxième-guerre-mondiale1-209x300.jpg

http://allemagnejumelage.saintmedardasso.fr/wp-content/uploads/2015/05/Commémoration-des-70-ans-de-la-fin-de-la-deuxième-guerre-mondiale1-209x300.jpg

Commémoration-des-70-ans-de-la-fin-de-la-deuxième-guerre-mondiale1-713x1024.jpg

http://allemagnejumelage.saintmedardasso.fr/wp-content/uploads/2015/05/Commémoration-des-70-ans-de-la-fin-de-la-deuxième-guerre-mondiale1-713x1024.jpg

Commémoration-des-70-ans-de-la-fin-de-la-deuxième-guerre-mondiale1-672x372.jpg

http://allemagnejumelage.saintmedardasso.fr/wp-content/uploads/2015/05/Commémoration-des-70-ans-de-la-fin-de-la-deuxième-guerre-mondiale1-672x372.jpg

Commémoration-des-70-ans-de-la-fin-de-la-deuxième-guerre-mondiale1-983x576.jpg

http://allemagnejumelage.saintmedardasso.fr/wp-content/uploads/2015/05/Commémoration-des-70-ans-de-la-fin-de-la-deuxième-guerre-mondiale1-983x576.jpg

Commémoration-des-70-ans-de-la-fin-de-la-deuxième-guerre-mondiale1.jpg
